0, what is 10 + -8?
2
In base 16, what is f8 + -3?
f5
In base 7, what is -2512 - -4?
-2505
In base 8, what is -2 + 1722?
1720
In base 15, what is -4 - -586?
582
In base 9, what is 1604 - 2?
1602
In base 7, what is -66333 - -3?
-66330
In base 5, what is -440 + 3?
-432
In base 2, what is -101 - -110001?
101100
In base 8, what is -36 + 31?
-5
In base 12, what is 112 - -13?
125
In base 6, what is 0 + 33?
33
In base 7, what is 3 - 4211?
-4205
In base 11, what is -81 - -4?
-78
In base 6, what is 3 - -3204?
3211
In base 4, what is 102111 + 10?
102121
In base 6, what is 2 + -44144?
-44142
In base 13, what is 5 - -1aa?
1b2
In base 6, what is 0 + -1422?
-1422
In base 10, what is -101 + -2?
-103
In base 16, what is 164 + 0?
164
In base 16, what is -2 - 14?
-16
In base 15, what is -5 - 490?
-495
In base 9, what is -401 - 3?
-404
In base 3, what is -12 + 202?
120
In base 5, what is 11 + 334?
400
In base 2, what is -1000110111100 + 0?
-1000110111100
In base 10, what is -292 + 17?
-275
In base 16, what is 9 - 4?
5
In base 9, what is -6 - 821?
-827
In base 2, what is 0 - 1001100?
-1001100
In base 12, what is 1 + -349?
-348
In base 10, what is -2 + 47?
45
In base 15, what is 49 - -1?
4a
In base 14, what is 5 - -1337?
133c
In base 2, what is -1111 - -100000?
10001
In base 4, what is 323 - 10013?
-3030
In base 3, what is -21202 + -101?
-22010
In base 13, what is -50b + -4?
-512
In base 13, what is -5c2 - 4?
-5c6
In base 8, what is 5 - 6510?
-6503
In base 13, what is 4 + c2a?
c31
In base 5, what is 2 - 320?
-313
In base 15, what is -3 - 197?
-19a
In base 2, what is -101 + -10001001?
-10001110
In base 3, what is -1010002 - -10?
-1002222
In base 2, what is -110000 - 100?
-110100
In base 6, what is -121112 - 4?
-121120
In base 5, what is -11 + -2430?
-2441
In base 8, what is 1 + 430?
431
In base 4, what is -3 - -320?
311
In base 15, what is 4 - -2a?
2e
In base 11, what is -4 - 28?
-31
In base 9, what is 4 - 25?
-21
In base 14, what is -2c + 8?
-24
In base 14, what is 1 + -14?
-13
In base 6, what is 1 + -1525?
-1524
In base 9, what is -2322 + -5?
-2327
In base 14, what is 9 + 441?
44a
In base 13, what is -20b2 - 2?
-20b4
In base 14, what is 74 - 3?
71
In base 9, what is 27671 + -4?
27666
In base 9, what is 250 + 4?
254
In base 5, what is 2 - 30434?
-30432
In base 10, what is -51 + -4?
-55
In base 15, what is -4 - -1cd?
1c9
In base 9, what is 18 - -77?
106
In base 12, what is 3 - 2b3?
-2b0
In base 13, what is -684 + 4?
-680
In base 2, what is 1 - 1101100?
-1101011
In base 16, what is -4 - -195?
191
In base 4, what is 2 - -113201?
113203
In base 2, what is -11 + 10100010?
10011111
In base 6, what is -30 + 3?
-23
In base 8, what is -5 + 12271?
12264
In base 6, what is -2 + -15350?
-15352
In base 3, what is 12 - 22?
-10
In base 6, what is -5 - -11?
2
In base 10, what is -1 - 119?
-120
In base 4, what is 10132 + 10?
10202
In base 3, what is -2 + 2?
0
In base 12, what is -6 + 28?
22
In base 7, what is 61 + -4?
54
In base 9, what is 0 - -231?
231
In base 14, what is 138 - -7?
141
In base 11, what is 2 + -60?
-59
In base 9, what is -1 - 24?
-25
In base 3, what is -20210 - 212?
-21122
In base 8, what is 605 + 25?
632
In base 9, what is 3 - 47?
-44
In base 6, what is -22302 - -3?
-22255
In base 12, what is 3 + 50?
53
In base 7, what is 314 - -56?
403
In base 14, what is -2 - -207?
205
In base 2, what is -101 - 10101001?
-10101110
In base 8, what is -4 + 1270?
1264
In base 10, what is -1 + 60?
59
In base 4, what is -21231 + -20?
-21311
In base 5, what is -10 + 330?
320
In base 2, what is 10100110 - 0?
10100110
In base 15, what is -4ae + -1?
-4b0
In base 8, what is 3 - -462?
465
In base 13, what is 101 + b?
10c
In base 5, what is -13100 - 0?
-13100
In base 8, what is 5 + 12?
17
In base 13, what is 64 + 1?
65
In base 16, what is c5 + 7c?
141
In base 10, what is 9 - -2389?
2398
In base 5, what is -4 + 11?
2
In base 14, what is 1 + 1d3?
1d4
In base 4, what is -122 - 323?
-1111
In base 4, what is 231 - -30?
321
In base 12, what is 0 + 8a2?
8a2
In base 7, what is -22 + 135?
113
In base 9, what is -1247 + 3?
-1244
In base 16, what is d + -24?
-17
In base 4, what is 3 + 330?
333
In base 10, what is -1 + 280?
279
In base 4, what is 1132212 - -3?
1132221
In base 8, what is -2 + -3?
-5
In base 2, what is 11101100 - 1101101?
1111111
In base 8, what is -1461 + -3?
-1464
In base 15, what is 5d4 + -5?
5ce
In base 11, what is 3 - -7?
a
In base 11, what is -4 - -a7?
a3
In base 2, what is -101 - -1010110?
1010001
In base 7, what is -253 + -62?
-345
In base 4, what is -1121 + -121?
-1302
In base 14, what is -3 - -6b?
68
In base 13, what is -5c0c + 3?
-5c09
In base 12, what is -33a - -5?
-335
In base 10, what is 1 - 69?
-68
In base 2, what is 0 + -1001000000?
-1001000000
In base 11, what is -31 - a?
-40
In base 14, what is -4 + 3?
-1
In base 12, what is 2 + -74?
-72
In base 7, what is -15 + -163?
-211
In base 15, what is 0 - -a8c?
a8c
In base 6, what is 2 - -3410?
3412
In base 4, what is 2 - -11012?
11020
In base 10, what is -6 + 2419?
2413
In base 9, what is -753 + -1?
-754
In base 2, what is -101010111 - 100111?
-101111110
In base 3, what is -1210 + 20000?
11020
In base 5, what is 2 - -14?
21
In base 13, what is -99 - b?
-a7
In base 15, what is 1 - -19b?
19c
In base 14, what is -7ab - 2?
-7ad
In base 9, what is 0 + -1143?
-1143
In base 10, what is -25 + 3?
-22
In base 15, what is -2 + -297?
-299
In base 9, what is 38 + 5?
44
In base 7, what is -206 - 324?
-533
In base 5, what is 3 - -314?
322
In base 8, what is 1 - 6?
-5
In base 3, what is -1 + 10102?
10101
In base 12, what is 123 - 2?
121
In base 2, what is -1100100 + -11111?
-10000011
In base 7, what is 11 + -62?
-51
In base 9, what is -317 + -3?
-321
In base 15, what is -70 + 6?
-69
In base 16, what is -3 + 1a?
17
In base 3, what is 12021 - 122?
11122
In base 4, what is 11301 + -10?
11231
In base 9, what is 163 + 44?
217
In base 2, what is -101 + 1010100110101?
1010100110000
In base 7, what is 3 + -265?
-262
In base 7, what is -2 + 31?
26
In base 10, what is 3180 + 1?
3181
In base 13, what is -6161 + -5?
-6166
In base 8, what is 1 + -1551?
-1550
In base 3, what is 2 - 10201020?
-10201011
In base 6, what is 0 - 0?
0
In base 9, what is -14 - 758?
-773
In base 4, what is -13122 - 0?
-13122
In base 8, what is -4 + -3010?
-3014
In base 11, what is 269 - 0?
269
In base 5, what is 2 - 312?
-310
In base 15, what is -3 + 5d?
5a
In base 15, what is 1 + -18e?
-18d
In base 13, what is 4a - 8?
42
In base 7, what is 5 + 13343?
13351
In base 12, what is 3639 - 0?
3639
In base 9, what is 48 - -43?
102
In base 6, what is -21 - 424?
-445
In base 6, what is -1 - 21515?
-21520
In base 13, what is 0 - -19?
19
In base 5, what is -100 + 4334?
4234
In base 9, what is -175 - 3?
-178
In base 13, what is -87 - -4?
-83
In base 13, what is 28 - 4a?
-22
In base 11, what is -66 + 12?
-54
In base 5, what is -3 - -21012?
21004
In base 16, what is -9 - 39?
-42
In base 6, what is -5355 - 1?
-5400
In base 11, what is -48 - 2?
-4a
In base 12, what is -6 - -299?
293
In base 5, what is -2 - 411?
-413
In base 4, what is -3231 - -1?
-3230
In base 13, what is 3 + 4a?
50
In base 16, what is 0 - 9df?
-9df
In base 6, what is -1141 - 5?
-1150
In base 8, what is 4236 + -4?
4232
In base 8, what is -4 + -1?
-5
In base 9, what is 6 - -13?
20
In base 15, what is -2 - 2?
-4
In base 14, what is 5 - 51?
-4a
In base 13, what is -a4a - -2?
-a48
In base 14, what is 780 + -d?
771
In base 10, what is -80 - -41?
-39
In base 16, what is -1b + 35f?
344
In base 3, what is 2111 + 12?
2200
In base 2, what is -101 + 1010000010?
1001111101
In base 3, what is -1 + 102110?
102102
In base 3, what is -2 - 1220?
-1222
In base 15, what is 1 + 80?
81
In base 13, what is 3 + 45?
48
In base 3, what is -20001221 - 2?
-20002000
In base 13, what is 0 + -1?
-1
In base 9, what is -10 - -6?
-3
In base 10, what is 26 - 2?
24
In base 11, what is -3254 - 4?
-3258
In base 2, what is -10 + 1100011100111?
1100011100101
In base 5, what is 330 + 10?
340
In base 4, what is 0 - -20?
20
In base 5, what is -4110 - 2?
-4112
In base 8, what is 10 - 77?
-67
In base 14, what is -1 - 11cd?
-11d0
In base 16, what is 14 - -26d?
281
In base 16, what is 60 - 5?
5b
In base 8, what is 27 + 0?
27
In base 11, what is 2 - 40?
-39
In base 16, w